- 3/8*q**4 + 11/6*q**3 - 32*q**2 + 0*q. What is n(5)?
-9
Let j(i) be the second derivative of 1 + 1/6*i**3 + 2*i - i**2 - 1/4*i**5 + 1/6*i**4. Give j(2).
-32
Let k(q) = q**2 - 12*q - 6. Let g(h) be the first derivative of h**3/3 - 31*h**2/2 + 43*h + 157. Let v be g(30). What is k(v)?
7
Let a be 1 - 20/35 - 119/49. Let j(i) = 29*i + 3. Calculate j(a).
-55
Let n(f) = -2*f - 13. Let v(y) = -y**2 + 9*y - 3. Let w be v(8). Let x(u) = u. Let s(p) = w*x(p) + n(p). Let d be s(3). Let l(h) = -h + 2. Determine l(d).
6
Suppose -3*y + 3*p = -p - 20, 0 = 2*p + 10. Let v(x) = -6*x - 9. Calculate v(y).
-9
Let c(x) be the third derivative of 5*x**4/24 + 23*x**3/6 - 3*x**2 - 20*x. What is c(-9)?
-22
Suppose -g = -8*v + 12*v - 14, 4*v - g = 10. Suppose -v*x - 44 = -26. Let k(z) = -2*z**2 - 8*z + 6. Determine k(x).
-18
Let c(z) = z**2 + 17*z - 4. Let h(w) = 34*w - 451. Let i be h(13). Give c(i).
-76
Let m = 4131 - 4126. Let a(d) = -d**3 + 4*d**2 - 6*d + 5. Determine a(m).
-50
Let s(l) be the first derivative of 0*l**4 + 0*l + 9 - 1/120*l**5 + 10*l**3 + 0*l**2. Let x(c) be the third derivative of s(c). Give x(-3).
3
Suppose 3*k + 25 = 2*x, 5*x + 0*k + 3*k - 31 = 0. Let q(h) = -1 - h**2 - x*h + 9 + 2 + 0. What is q(-7)?
17
Let j be -1 - 3 - -5 - 3. Let u be (-2)/j + (-108)/(-3). Let c(q) = -q + 73 - 39 - u. Determine c(3).
-6
Let r = 4 - -73. Let s = 73 - r. Let k(a) = -2*a**3 - 6*a**2 + 4*a + 6. Let d(h) = -h**3 - h**2 + h + 1. Let f(l) = d(l) - k(l). Determine f(s).
23
Let v be (6/7)/((6/(-14))/(-3)). Let c(h) = -h - 15 + 4 + v + 4. Let q(r) = 3*r + 5. Let y(b) = 5*c(b) + q(b). Give y(6).
-12
Let l(i) = 15*i**2 + 5*i. Let z be l(1). Let d(p) = p**2 - z*p + 1 + 23*p - 15*p. What is d(12)?
1
Suppose 55 = p - 2*m - m, 44 = 2*p + 5*m. Let r(h) = -h + 38. Give r(p).
1
Let v(f) = 109*f - 3 - 2*f**2 + f**2 - 11 - 228*f + 107*f. Give v(-7).
21
Let t(u) = 32*u**2 + 204*u - 147. Let b be t(-7). Let s(h) be the second derivative of h**5/20 + h**4/2 - 5*h**3/6 + 3*h**2 + h. Give s(b).
-8
Let w(m) = -m**2 + 7*m - 2. Suppose -z + 2*o + 2*o = 16, 32 = -2*z + 4*o. Let u = 19 + z. Suppose -5 = -u*n + 4. Calculate w(n).
10
Let k(s) = -3*s**3 - 65*s**2 + 23*s - 246. Let w(q) = 5*q**3 + 98*q**2 - 36*q + 370. Let o(f) = -8*k(f) - 5*w(f). Calculate o(30).
-2
Let d(o) = -5*o**3 + 8*o**3 + 3*o**2 - 2*o**3 - 5*o**2. Suppose -19 = 7*y + 527. Let k = y + 80. What is d(k)?
0
Let f(m) = -m - 16. Suppose 63*u - 17 = 70 - 906. Give f(u).
-3
Let z(k) = 7*k**2 + 6*k - 1. Let q(t) = 9*t**2 + 6*t. Let j(v) = 3*q(v) - 4*z(v). Suppose 2*m - 352 = 208. Let g be (m/(-9))/5 - 2/(-9). Give j(g).
4
Let p(j) = -j**3 - 8*j**2 + 10*j + 8. Let h be p(-9). Let u(f) be the second derivative of -f**4/2 - f**3/3 + 438*f + 4. Determine u(h).
-4
Let h(d) = -2*d**2 + 1. Let a = 67 - 64. Suppose 0 = -y - 1, -2*c - 6 - a = -y. Let b be (9/(-6))/((c/2)/(-5)). Calculate h(b).
-17
Let r(l) be the first derivative of -18*l**2 + 28*l + 2186. Determine r(1).
-8
Let j(z) be the first derivative of -z**3/3 - 3*z**2 + 2*z - 982. Calculate j(-6).
2
Let f(u) = 11 + u**3 - u - u**3 - u**3. Let j be (3 + -3)/(-7 + 8). What is f(j)?
11
Let q(l) = l**3 + 4*l**2 - 4*l - 5. Let y(n) = 8 + 37*n**2 - n**3 + 13*n + 0*n**3 - 12*n**2 + 3*n**3. Let d be y(-12). Calculate q(d).
11
Let n(k) be the second derivative of k**5/4 - k**4/6 - k**3/3 - k**2/2 + 64*k. Let i be (1/(-2))/((-1)/34). Let p = -18 + i. Give n(p).
-6
Let x(y) be the second derivative of y**3/6 + 7*y**2/2 - y + 36. Suppose -3 = 4*b - 4*v + 49, 5*b - 2*v = -68. Let l = b - -7. Determine x(l).
0
Let l(c) be the third derivative of 9*c**2 + 0*c - 1/360*c**6 - 7/120*c**5 + 0 + 0*c**3 + 1/2*c**4. Let b(q) be the second derivative of l(q). Calculate b(-6).
5
Let a(k) = -12*k**3 + 68*k**2 - 82*k + 83. Let z(y) = 7*y**3 - 33*y**2 + 41*y - 41. Let q(g) = 4*a(g) + 7*z(g). Determine q(-42).
3
Let y = 7205 + -7197. Let f(p) = -p**2 + 11*p + 3. Calculate f(y).
27
Let j(x) = -x**2 - 8*x - 5. Suppose 2*v - 360 = -6*v. Suppose 0 = -4*p + 5*w - 17 - 1, 5*w = -5*p - v. Determine j(p).
2
Let j(u) = u**3 + u**2 + 2*u + 11. Let c be j(-3). Let y(v) = 6 + 84*v + 2 - 83*v. Calculate y(c).
-5
Let f(o) be the second derivative of -278*o - 1/12*o**4 + 0 - 1/2*o**3 + 9/2*o**2. What is f(-5)?
-1
Let a = 0 + -2. Suppose 39 = 27*z - 15. Let k(w) = 590*w + 5 - z - 584*w. Give k(a).
-9
Let s(a) = -16*a + 7. Let h be s(2). Let o = h + 18. Let n(r) = -r - 7. Let j(d) = 1. Let y(f) = -2*j(f) - n(f). What is y(o)?
-2
Let w(z) be the third derivative of -5*z**4/24 - z**3/2 - z**2. Suppose -5*h = -20*h - 3*h - 54. Give w(h).
12
Suppose 2*n = -11*n - 182. Let l be (28/49)/((-4)/n). Let s(p) = -p**2 + 3*p + 1. What is s(l)?
3
Let y(o) be the third derivative of -o**7/1260 - o**5/60 + 17*o**4/24 + 28*o**2. Let g(b) be the third derivative of y(b). Determine g(-3).
12
Let c be (4/(-6) - 0)*1*-9. Let t(g) = 5*g**3 + 2*g**2 + g. Let f(w) = 4*w**3 + w**2 + w. Let b(x) = c*f(x) - 5*t(x). What is b(-5)?
20
Let s(r) = 3*r - 2. Let o(z) = 2 + 0 + 4*z + 0 - 5. Let x(i) = 2*o(i) - 3*s(i). What is x(5)?
-5
Let i(d) = -d - 6. Let r(k) = k**2 - 2*k - 2. Let z(w) = -i(w) + r(w). Give z(7).
46
Suppose 0 = 293*f - 310*f + 374. Let j(h) = -6*h + 134. What is j(f)?
2
Let f be (-4)/6 - (-16)/6. Let u = -12 - -13. Let o(c) = -3*c + 0 + c**f - u - 5. Calculate o(7).
22
Let x(c) = c**3 + 3*c**2 + 4*c - 1. Suppose -5*f + 4*r + 115 = 0, r - 50 = -3*f + 36. Let n(l) = -f + l - 5*l + 0*l + l**2 + 12. Let t be n(6). Determine x(t).
-13
Let t(f) = 3*f**3 - 30*f**2 + 49*f + 41. Let q = -496 + 494. Let a(u) = u**3 - 10*u**2 + 15*u + 14. Let r(g) = q*t(g) + 7*a(g). Give r(9).
-2
Let g(w) = -w**2 + 4 - 8 + 7*w - 4. Let n be ((-1 + 4)/(-3))/(((-189)/(-147))/(-9)). Calculate g(n).
-8
Suppose 2*k = -4*y - 30, 5*y - 2*y + 30 = -3*k. Let b(c) = -c**2 + 10*c - 6. Let i(g) = 6 - 10 + 7 + 6 - 8. Let s(j) = y*i(j) - b(j). What is s(9)?
-8
Let s(u) = -3*u + 13. Suppose 55 = -21*n + 265. Let d be (0 - -2) + -3 + n. Give s(d).
-14
Let b(d) = 41*d - 34 + 37*d - 79*d. Give b(-34).
0
Let u be (2 - 4) + (-3 - -67). Let z(n) = 9*n**2 - 10*n - 5 - u*n**3 + 63*n**3 + 0. Suppose -2*l - 3*v + 5*v = 26, 5*l = -v - 47. Calculate z(l).
-5
Let k(x) = -x**3 - 7*x**2 + 15*x - 31. Suppose -108 - 194 - 238 = 60*j. Calculate k(j).
-4
Let t(o) be the second derivative of -o**3/6 + 16*o**2 + o - 824. Determine t(6).
26
Let h be (-9 + 10)/(2/8). Let d(r) be the second derivative of -r**5/20 + r**4/4 + r**3/2 + 14*r. What is d(h)?
-4
Let r(a) = -a**2 + 6*a + 10. Let z be r(7). Suppose 2*f - 4*d = 82, 4*f - d = z*f + 39. Let m = f + -37. Let h(n) = -n**2 - n - 14. Determine h(m).
-14
Let u(y) = -24*y - 216. Suppose 6*w + 5*o = 5*w - 44, 12 = w - 3*o. Calculate u(w).
0
Let u(d) = -3*d**2 + 12*d + 121. Let g(y) = -7*y**2 + 25*y + 243. Let q(w) = -4*g(w) + 10*u(w). Calculate q(17).
0
Let q(w) = -11*w - 2 + 6 + 11*w + 3*w. Suppose -4*k = -b + 9, 3*k + 5 = -5*b - 19. Let m be q(k). Let l(v) = -5*v - 4. Calculate l(m).
21
Suppose 5*c + 39 = b + b, 5*c = -4*b - 27. Let x(v) = -v**2 - 5*v - 3. Let m be x(-4). Let g(i) = -m + 6 + 4 + 2*i. Determine g(c).
-5
Let f = 20366 - 20366. Let w(i) = 4*i. Calculate w(f).
0
Let s(y) = -y + 11. Suppose -n - 31 = -5*m, -5*n = -m + 44 - 9. Let p(u) be the first derivative of -4*u**2 - 42*u - 10. Let k be p(n). What is s(k)?
5
Let u = 15 - 19. Let c(x) = -5*x**3 - 5*x**2 - 3*x + 9. Let b(q) = -4*q**3 - 5*q**2 - 2*q + 8. Let g(m) = u*b(m) + 3*c(m). Give g(-5).
0
Let l(d) = -d**3 + 3*d**2 + 20*d - 101. Let v be l(8). Let g = 267 + v. Let b(c) = -c**3 + 7*c**2 - 6*c. Calculate b(g).
0
Let v = -17 - -7. Let i be ((-404)/(-20))/((-2)/v). Let p = i - 99. Let q(z) = 5*z**2 - 2*z + 2. Calculate q(p).
18
Suppose 3*a - 671 = n + 135, -2*n = -3*a + 802. Let k = a - 261. Let c(i) = 2*i - 3. Calculate c(k).
15
Let r(l) be the third derivative of l**5/60 + 3*l**4/8 + 13*l**3/6 - 2694*l**2. Give r(-2).
-1
Let c(n) = n - 16. Let t be ((-45)/(-585)*26)/(1/4). What is c(t)?
-8
Let j(g) = -g + 167. Let c(v) = 17. Let y(z) = -19*c(z) + 2*j(z). Let m = -5 + 10. Give y(m).
1
Let i(o) be the second derivative of -6*o**2 - 138*o + 0 - 1/2*o**3. Determine i(-9).
15
Let r be 4/(3 + -7)*-11. Let x(b) = 12*b**3 + 5*b**2 + 5 - r*b**3 - 10 - 3*b. Determine x(-4).
23
Let p(o) be